 v. Let d be 2/4 + s/2. Is (-92)/(d - 0) + -1 composite?
True
Let u(l) = 32*l**2 - 7*l - 7. Let d be u(-5). Let j = d - 491. Is j prime?
True
Let i(y) = -y**3 - 6*y - 2. Is i(-3) a composite number?
False
Let r = -41 - -13. Let t be (-24)/(-14) + (-8)/r. Suppose -5*b + w = t*w - 483, b + 3*w = 91. Is b prime?
True
Suppose 0 = -3*r + 2*r + 134. Suppose -4*u + 2*u = -r. Is u prime?
True
Let x(h) = -3*h**3 + h**2 + 5*h - 2. Let i be x(-5). Let g = 477 + i. Suppose -254 = 4*y - g. Is y a prime number?
True
Suppose 0 = 2*l + l + 6. Let b be (l + 5)/(3/2). Suppose -p = b - 12. Is p a prime number?
False
Suppose 3*m = 2*x - 17, 45 = 6*x - 2*x + 5*m. Suppose 108 - x = 2*k. Is k a prime number?
False
Let l = 63 + -56. Let a(d) = d**3 - 8*d**2 + 9*d + 0*d**2 + 0*d**3. Is a(l) a composite number?
True
Is (-2081)/(-4) + 6/8 a composite number?
False
Suppose 0*r + 3*r - 658 = -5*k, 0 = -2*r + 5*k + 397. Is r a prime number?
True
Suppose 5*t + 4*v = -140, -2*t + 3*v = 7*v + 68. Let z = -29 + 84. Let k = z + t. Is k a composite number?
False
Let f(v) = 27*v**2 + 11. Is f(-6) a composite number?
False
Let i(g) = 48*g + 3. Let b(c) = 48*c + 3. Let y(r) = -4*b(r) + 3*i(r). Let m be y(-2). Let n = m + -26. Is n a prime number?
True
Let i = -170 - -319. Is i composite?
False
Let u = 756 - 125. Is u composite?
False
Let k(d) = 11*d + 5. Let r(g) = 10*g + 4. Let h(t) = -6*k(t) + 7*r(t). Is h(6) a composite number?
True
Let y(n) = -2*n**3 - 3*n**2 - n - 1. Let j be y(-2). Suppose 3*h + 4*r = 9, -4*r = 3*h - j*r - 24. Suppose k - 2*t = -h*t + 26, -5*k + 42 = 3*t. Is k composite?
True
Suppose o - 8 = 10. Let y be 45/o - (-1)/2. Suppose -y*h = -46 - 17. Is h a composite number?
True
Let f = 10 + -6. Suppose 106 + 78 = f*l. Is l composite?
True
Let x = -82 - -209. Is x composite?
False
Let r = 16 + -14. Suppose -4*a + a - 4*g = -50, 3*a - r*g - 20 = 0. Is a composite?
True
Let a(w) = 14*w**2 + 7*w - 5. Is a(-4) a prime number?
True
Suppose b - 8455 = -4*y + y, 0 = -3*b - 4*y + 25385. Is b a composite number?
False
Suppose -8 = 2*d - 20. Suppose 8*b = d*b + 194. Is b a composite number?
False
Let p = 225 + -335. Let s = p + 229. Let n = s + -54. Is n prime?
False
Suppose 0 = 2*i - 12 + 2. Suppose -8*x = -3*x - 5, -5*y = i*x - 300. Is y prime?
True
Let z(s) be the second derivative of s**5/20 + 3*s**4/4 - 7*s**3/6 - 5*s**2/2 - 2*s. Let c be z(-7). Suppose c = b + b. Is b prime?
True
Suppose 4 = -5*n + n. Is (-2 - n)/((-1)/37) a prime number?
True
Suppose -2*a = -7*a. Let n(u) = -u**2 - u + 133. Is n(a) prime?
False
Let t(g) = -g + 1. Let d(x) = -6*x - 6. Let n(h) = d(h) + 5*t(h). Let w be n(1). Is 212/6 - (-4)/w composite?
True
Let k = 434 - 288. Is k a prime number?
False
Suppose 2*c + i = 5, 5*i = 5*c + 1 - 6. Let h(y) = -5*y**2 - 10*y + 4*y**c - 2 + 9. Is h(-8) composite?
False
Let u(h) = 3*h**3 - 2*h**2 - 7*h + 3. Is u(5) a composite number?
False
Let v be 3/(-9)*-3*2. Suppose 0 = -r + v*r + 48. Let y = 29 - r. Is y a prime number?
False
Let j(w) = 229*w**3 - w**2. Let h be j(1). Let z(u) = 83*u**2 + 4*u - 1. Let c be z(4). Suppose -h = 5*d - c. Is d a composite number?
False
Let t(j) = -10*j**3 + 3*j**2 + 2*j + 1. Is t(-2) composite?
False
Let n = 886 + -465. Suppose -2*q + 5*q = 3*z + 1299, -q + n = 5*z. Is q a composite number?
False
Let u be 2/7 + 24/14. Suppose 5*o + 20 = 5*l - 30, u*l + 4*o = 50. Let m = 74 - l. Is m composite?
False
Suppose 3*y + 134 = 728. Suppose -3*f + 4*j = -205, 2*j = -3*f - j + y. Is f prime?
True
Is 21/(15/(-5))*-19 composite?
True
Let b = 5 - 8. Let f = b + 5. Suppose 3*n - w = 38, 0 = -n + f*w - 3 + 14. Is n composite?
False
Let k = 3 + 2. Suppose -k*y + 9 + 26 = 0. Suppose 0 = 4*c - y*c + 111. Is c a composite number?
False
Suppose -4*q - 3*x = -7, 6*q + 2*x - 2 = 2*q. Let d = q + 4. Is 3 + 42 + (d - 0) prime?
True
Let j(s) = 149*s - 22. Is j(15) composite?
False
Let c(h) = -88*h**3 + 2*h**2 + 2*h - 1. Is c(-2) a prime number?
False
Suppose 4*f = -4*n - 60, 47 = -3*n - 3*f - 2*f. Is (12/8)/((-1)/n) composite?
True
Is 470 + 3/(-6)*-6 prime?
False
Let d be 160/88 + 6/33. Suppose d*k - 6*k = -524. Is k prime?
True
Let c(a) = -a - 2. Let y be c(-7). Suppose -z + 3 = -y. Suppose 3*r - z*r = -805. Is r a composite number?
True
Suppose 0 = 2*a - 3541 - 409. Let t = -1 + 4. Is (-2)/t + a/15 a prime number?
True
Suppose 0*k + 3*k - 12 = 0. Suppose 5*g - 47 + 208 = 2*m, -334 = -k*m - 2*g. Is m prime?
True
Let d(j) = j**3 - 6*j**2 - 6*j - 7. Let r be d(7). Let f(u) = 3 + r*u + 1 + 5*u - 3*u + 4*u**2. Is f(3) composite?
True
Let f(i) = i**3 + 8*i**2 + 5*i - 5. Suppose -v = 4 + 2. Let t be -6*3/v*-2. Is f(t) prime?
True
Let t(x) = 2*x**2 + 4. Let r be t(-12). Let j = r + -161. Is j a composite number?
False
Suppose -3*x + 24 = 5*q, x - 5*x + 3*q = -3. Suppose 0 = -x*k - 10 + 205. Is k composite?
True
Is (-1)/((-1)/106*2) composite?
False
Let v be (-3 - (0 - 0)) + 8. Suppose -3*q = v*b + 2*q - 5, 4*q - 5 = -3*b. Let u = 30 - b. Is u composite?
False
Is 553 - 1/1*-1 composite?
True
Let t = 6573 + -4324. Is t composite?
True
Let b(w) = 2*w**3 + 4*w**2 - 7*w + 2. Let q(t) = t + 5. Let z be q(0). Is b(z) prime?
True
Suppose -78 = n - 24. Suppose -3*a - 37 = -a + 5*b, 0 = -2*a - 2*b - 52. Let i = a - n. Is i composite?
False
Let c(j) = -8*j - 32. Let l be c(-5). Suppose 5*d = 3*h + 1112, d - h = 4*h + 240. Suppose 12*v - l*v = d. Is v composite?
True
Let l(t) = -16*t + 2*t + 92 - 97. Is l(-2) composite?
False
Let d(m) = 140*m - 11. Is d(5) composite?
True
Let t(u) = u + 14. Let p be t(-11). Suppose -5*d + 567 = h, 2*h + p*d - 1158 = -d. Is h a composite number?
False
Let m = -748 + 1863. Is m composite?
True
Let h be (48/10)/(-1)*-5. Suppose -2*k + 5*s + h = 0, 5*k = -4*s + 2*s + 2. Is (-17 + 0)*-1 - k a prime number?
False
Let w(i) = 26*i**2 - 2*i - 2. Is w(3) a composite number?
True
Is (-5)/(-5) - -2 - -1436 a composite number?
False
Suppose -8*z + 10 = -3*z. Suppose 2*h + z*h - 460 = 0. Is h a prime number?
False
Let h = 284 - 61. Is h prime?
True
Suppose -b - 12 = -3*w, w + 0*w = b + 8. Let t = 71 + b. Is t a composite number?
True
Is 6/(-12)*1*-298 composite?
False
Suppose -t = -q - 272, -q + 751 = 5*t - 591. Is t prime?
True
Let j(q) = q**3 - 5*q**2 - 9*q - 1. Let n(b) = 7*b + 7. Let m(g) = 13*g + 14. Let p(h) = 6*m(h) - 11*n(h). Let i be p(0). Is j(i) composite?
True
Let b(o) = o**2 - 4. Let d be b(0). Is 1032/14 + d/(-14) prime?
False
Suppose 0 = 4*h - 9*h + 5. Let l(g) = 34*g**2 + 2*g + 3*g - 7*g + 3*g. Is l(h) composite?
True
Suppose -w + 5*w = 844. Is w a prime number?
True
Let t be (-8)/(-36) + 68/18. Suppose -10 + 46 = t*s. Is (-2)/3 + 339/s composite?
False
Let v(p) = 34*p**2 + 4. Let l be v(5). Let d = -561 + l. Let b = -204 + d. Is b composite?
False
Suppose -z = z. Suppose z*y + 47 = y. Is y prime?
True
Let b(t) = -t**2 + t. Let g be b(-2). Let k(w) = -16*w + 1. Let m(a) = -16*a + 1. Let c(x) = -3*k(x) + 4*m(x). Is c(g) prime?
True
Suppose 3*n + 3*t + 24 = 0, t = -n + 3*t - 2. Let w(i) = -i**3 + 2*i**2 - i - 1. Is w(n) prime?
True
Suppose -j - 17 + 5 = 0. Let f = 128 + j. Suppose 28 = -4*w + f. Is w a composite number?
True
Let a(s) be the third derivative of s**6/40 - s**4/12 + s**3/6 - s**2. Let o be a(1). Let t(k) = 3*k**3 + k**2 + k + 1. Is t(o) prime?
True
Let i(l) = 2*l**2 + 6*l + 21. Is i(-14) composite?
True
Suppose -74 = 3*x + 16. Suppose 3*p = -p - 204. Let d = x - p. Is d a prime number?
False
Is 11784/8*(0 - (-1)/3) prime?
True
Let d = 980 + -1425. Let p = d + 776. Is p composite?
False
Suppose -66 = -j - 5*b, 4*j - 219 = -2*b - 3*b. Let o = j - 26. Is o a prime number?
False
Suppose -5*x + x = -1012. Is x a prime number?
False
Suppose 4*i - 1070 = -2*x + 816, -4*x = i - 3807. Is x prime?
True
Suppose 5*v + 181 = -34. Let p = -12 - v. Is p composite?
False
Let m be 16/(-12)*(-3342)/4. Suppose 2*x - 3*x = -5*y + m, 4*y - 887 = 5*x. Is y a composite number?
False
Let i(q) = 1962*q - 22. Is i(2) composite?
True
Suppose 5*w - w - 76 = 0. Is w prime?
True
Suppose 0 = -2*q + q + 4. Suppose -p = 3*p + 5*a - 26, 0 = -q*p + 3*a + 10. Suppose -4*w = p*l - 68, -l - 2*l + 53 = 2*w. Is l composite?
False
Let m = 7474 + -3983. Is m a composite number?
False
Let o = 4 + -4. Let c(p) = p**2 - 2*p + 2. Let n be c(2). Suppose -n*m - 384